v - 59. Give d(-25).
-34
Let g(w) = -7*w - 2. What is g(5)?
-37
Let p(w) = w**3 - w**2 - w + 1. Give p(2).
3
Let r(y) = y**2 + 68*y + 260. Calculate r(-4).
4
Let q(v) = -v**3 + 7*v**2 + v - 6. What is q(5)?
49
Let g(s) = -7*s + 4. Determine g(5).
-31
Let b(c) = c + 5. Calculate b(-7).
-2
Let m(t) = t**3 + 11*t**2 + t + 8. Give m(-11).
-3
Let h(q) = -q**3 + 41*q**2 + 42*q + 29. Give h(42).
29
Let u(y) = 21*y - 87. What is u(4)?
-3
Let z(u) = 6*u + 53. Calculate z(-14).
-31
Let x(u) = u**3 + 12*u**2 + u + 17. What is x(-12)?
5
Let i(c) = -c**2 + 1. Calculate i(-1).
0
Let t(h) = -h**2 + 12*h + 5. Determine t(13).
-8
Let s(l) = -6*l - 5. Give s(-7).
37
Let g(z) = -z**3 - 12*z**2 + 13*z - 4. Calculate g(-13).
-4
Let y(r) = -2*r + 10. What is y(-7)?
24
Let o(j) = 50*j**2 - 3*j - 2. Give o(-1).
51
Let s(u) = -u**3 + 7*u**2 + 6*u + 6. Determine s(7).
48
Let t(f) = f**3 - 14*f**2 - 10. Give t(14).
-10
Let z(m) = -2*m**2 + 60*m - 42. What is z(29)?
16
Let w(u) = u**3 - 16*u**2 + 24*u - 129. Determine w(15).
6
Let y(v) = 33*v + 134. What is y(-4)?
2
Let l(c) = c**3 - 4*c**2 + 2*c - 2. What is l(4)?
6
Let x(y) = -y**2 - 17*y + 12. Determine x(-18).
-6
Let c(f) = f**2 - 21*f - 398. Calculate c(-12).
-2
Let z(s) = 26*s + 2. What is z(4)?
106
Let m(r) = r**3 - 2*r**2 + 2*r + 75. What is m(0)?
75
Let v(x) = -x**2 + 13*x - 8. Calculate v(6).
34
Let y(v) = 6*v**2 + 4*v - 2. Give y(3).
64
Let w(a) = 2*a**3 - 33*a**2 - 18*a + 12. What is w(17)?
-5
Let s(q) = q - 7. Calculate s(14).
7
Let m(l) = 3*l - 54. What is m(17)?
-3
Let m(y) = -y**3 - 9*y**2 - 38*y - 486. Calculate m(-10).
-6
Let h(z) = -2*z - 88. Calculate h(-47).
6
Let o(n) = n**2 - 4*n + 4. Calculate o(3).
1
Let k(o) = -o**3 - o**2 + 2*o - 4. Determine k(-3).
8
Let s(w) = -52*w + 56. What is s(1)?
4
Let y(r) = -r**2 + 8. Give y(-4).
-8
Let f(d) = -d**3 - 34*d**2 - 3*d - 94. What is f(-34)?
8
Let o(y) = -y**3 + 5*y**2 - y - 3. What is o(4)?
9
Let j(d) = -d**2 + 7*d + 5. Determine j(7).
5
Let s(j) = -2*j**2 + 2. Give s(-3).
-16
Let f(s) = -5*s**3 + 2*s**2 + 29*s + 28. Calculate f(-1).
6
Let x(c) = -36*c - 14. Give x(-1).
22
Let g(u) = -2*u**3 - u**2 - u + 1. Calculate g(1).
-3
Let o(q) = q - 6. Calculate o(-3).
-9
Let n(j) = j**3 - 12*j**2 + 20*j - 6. What is n(10)?
-6
Let s(y) = -y**2 - 6*y - 1. Determine s(-4).
7
Let g(o) = -2*o**2 - 2*o + 2. Determine g(-4).
-22
Let i(s) = -s**2 + 8*s - 4. What is i(3)?
11
Let t(c) = -2*c**2 - 15*c + 8. Give t(-8).
0
Let g(p) = 2*p - 3. Calculate g(-11).
-25
Let q(t) = 7*t - 80. Give q(11).
-3
Let b(v) = 12*v + 6. Give b(-2).
-18
Let y(v) = -v**3 - 2*v**2 - 6*v + 46. What is y(0)?
46
Let s(o) = 7*o + 7. Determine s(4).
35
Let v(n) = 63*n + 4. Determine v(1).
67
Let w(z) = -13*z + 3. Give w(1).
-10
Let v(w) = w**3 + 7*w**2 + 2*w - 6. Determine v(-5).
34
Let l(d) = 2*d - 2. Give l(9).
16
Let l(g) = -g + 41. Calculate l(-7).
48
Let n(b) = -11*b + 3. Determine n(4).
-41
Let w(f) = -3*f - 4. Calculate w(-7).
17
Let f(u) = -28*u - 211. Determine f(-8).
13
Let s(m) = -m**3 + 7*m**2 - 10*m + 6. Give s(7).
-64
Let w(q) = 13*q + 23. What is w(0)?
23
Let x(j) = 2*j**2 - 58*j + 6. Determine x(29).
6
Let r(w) = -6*w + 10. Calculate r(-21).
136
Let d(r) = 12*r + 6. Calculate d(5).
66
Let y(b) = b + 19. Calculate y(-8).
11
Let r(p) = -p**2 + 50*p + 272. What is r(-5)?
-3
Let d(n) = 6*n**2 + 58*n + 24. What is d(-9)?
-12
Let a(m) = -m**3 + 11*m**2 - m + 7. Calculate a(11).
-4
Let q(m) = -m**2 + 10*m - 6. Calculate q(10).
-6
Let l(f) = -f + 7. What is l(8)?
-1
Let y(l) = l**3 - 5*l**2 + 3*l + 3. Calculate y(4).
-1
Let x(i) = 49*i - 249. Give x(5).
-4
Let h(i) = 4*i. Calculate h(6).
24
Let m(c) = -c**3 - 23*c**2 + 2*c + 38. Calculate m(-23).
-8
Let h(k) = k**2 - 31*k + 31. Give h(29).
-27
Let o(d) = 2*d + 8. Calculate o(-8).
-8
Let i(x) = x**2 + 8*x + 12. Determine i(-4).
-4
Let f(g) = g**2 + 6*g - 7. Determine f(-6).
-7
Let z(u) = 2*u**3 - 22*u**2 + 2*u - 18. Determine z(11).
4
Let b(v) = -v**2 + 10*v - 13. What is b(3)?
8
Let x(z) = -z**3 - 12*z**2 - 11*z - 6. What is x(-11)?
-6
Let p(g) = g**2 - 11*g + 4. Give p(11).
4
Let i(m) = -17*m + 19. Give i(2).
-15
Let p(u) = 2*u**2 - 17*u - 23. Determine p(12).
61
Let v(m) = -m**3 + 12*m**2 + 15*m - 17. What is v(13)?
9
Let n(k) = -k**3 + 32*k**2 - 58*k - 58. Give n(30).
2
Let j(z) = 30*z + 668. What is j(-22)?
8
Let m(c) = -c**3 - 20*c**2 - 18*c + 23. Give m(-19).
4
Let q(z) = -z + 21. What is q(11)?
10
Let f(l) = -2*l**3 + 41*l**2 + 65*l + 19. Calculate f(22).
-3
Let n(l) = -7*l - 27. What is n(-5)?
8
Let g(q) = -q**3 + 24*q**2 + q - 25. What is g(24)?
-1
Let w(n) = -3*n**3 + 2*n**2 + 4*n + 2. What is w(-1)?
3
Let g(z) = 9*z - 37. Give g(6).
17
Let z(b) = 7*b - 11. Determine z(-4).
-39
Let g(a) = -a**2 - 5*a + 1. Calculate g(-3).
7
Let g(y) = y**3 + 5*y**2 - 22*y + 31. Determine g(-8).
15
Let w(q) = -q - 7. Calculate w(-20).
13
Let h(p) = -42*p**2 + 8*p + 3. Calculate h(-2).
-181
Let w(f) = 2*f**3 - 12*f**2 - 13*f - 3. What is w(7)?
4
Let c(t) = -t**3 - 3*t**2 - t - 3. Calculate c(-3).
0
Let b(v) = -6*v**3 - v**2 + v + 1. Determine b(2).
-49
Let w(j) = -2*j**2 + 9*j + 12. Determine w(6).
-6
Let u(y) = 2*y**3 + 2*y**2 - 1. Calculate u(-1).
-1
Let d(y) = 11*y + 20. Give d(-6).
-46
Let q(u) = 9*u**3 + 2*u**2 - u. What is q(1)?
10
Let k(q) = 4*q + 10. Give k(-8).
-22
Let x(f) = -f**3 + 5*f**2 - 5*f + 3. Calculate x(3).
6
Let c(o) = o**3 + 7*o**2 + 2*o + 4. Determine c(-7).
-10
Let u(h) = h**3 - 11*h**2 - 10*h - 14. Give u(12).
10
Let b(t) = -14*t - 6. What is b(-4)?
50
Let p(i) = -17*i + 2. Calculate p(-2).
36
Let f(r) = -r**2 - 2*r - 9. Calculate f(-4).
-17
Let s(j) = -34*j + 103. Determine s(3).
1
Let j(w) = 21*w - 89. Calculate j(7).
58
Let y(o) = o**3 + 3*o**2 - o + 2. Calculate y(-4).
-10
Let q(w) = w**2 + 9*w + 13. Give q(-4).
-7
Let d(v) = -35*v - 5. Determine d(1).
-40
Let u(p) = 9*p**2 - 2*p + 7. Give u(3).
82
Let s(w) = -3*w + 5. Calculate s(7).
-16
Let y(j) = 4*j - 3. Give y(-1).
-7
Let i(z) = -z**2 - 2*z + 5. Calculate i(5).
-30
Let y(g) = -2*g - 12. Calculate y(-6).
0
Let k(c) = c**2 + 10*c - 6. What is k(-11)?
5
Let p(t) = t**3 - 8*t**2 - 22*t - 5. Give p(-2).
-1
Let k(p) = -3*p**2 + 12*p + 13. What is k(6)?
-23
Let t(x) = 18*x + 13. Calculate t(-2).
-23
Let w(g) = -2*g + 17. What is w(5)?
7
Let o(t) = t**3 + 5*t**2 - 22*t + 15. Give o(-8).
-1
Let j(l) = -l**3 - 22*l**2 - 20*l + 16. Determine j(-21).
-5
Let s(k) = -6*k - 3. Determine s(6).
-39
Let d(u) = u**3 + 3*u**2 + 2*u. What is d(-2)?
0
Let i(y) = -y**2 + 2*y + 3. Determine i(6).
-21
Let w(j) = j**3 + j**2 + 8. Calculate w(0).
8
Let v(r) = -r**3 - 6*r**2 - 5*r - 5. Give v(-4).
-17
Let s(u) = u**2 + 8*u - 20. What is s(-11)?
13
Let x(d) = 2*d**3 + 4*d**2 - 3*d + 6. Give x(-4).
-46
Let s(g) = -3*g - 25. Give s(-12).
11
Let m(t) = -2*t**2 + 37*t - 146. What is m(13)?
-3
Let t(a) = -4*a - 20. Give t(-8).
12
Let l(k) = -k**2 - 7*k + 1. Calculate l(-3).
13
Let y(t) = -t**3 + 8*t**2 - 10. Calculate y(8).
-10
Let k(u) = -6*u - 16. Give k(-3).
2
Let z(m) = 6*m + 21. Calculate z(-10).
-39
Let p(z) = z**3 + 14*z**2 - 5*z + 9. Determine p(-14).
79
Let i(b) = -8*b - 2. Give i(3).
-26
Let l(z) = -11*z + 246. Determine l(22).
4
Let d(g) = g**3 + 30*g**2 + 30*g + 8. Determine d(-29).
-21
Let j(s) = s**3 - s**2 - s - 26. Calculate j(0).
-26
Let t(n) = -n**3 + 4*n**2 + 8*n + 16. Give t(6).
-8
Let q(y) = y**3 + 31*y**2 - 30*y + 54. Give q(-32).
-10
Let f(a) = a - 19. Calculate f(5).
-14
Let b(r) = 36*r + 432. What is b(-12)?
0
Let j(f) = 2*f**3 + 5*f**2 + 6*f - 4. Calculate j(-3).
-31
Let a(z) = -z**3 - 6*z**2 + 3*z + 10. What is a(-6)?
-8
Let q(w) = -w**2 + 14*w - 33. Give q(15).
-48
Let i(y) = -y - 6. What is i(2)?
-8
Let p(q) = -18*q. Give p(2).
-36
Let a(r) = 7*r - 7. What is a(3)?
14
Let r(l) = -2*l - 19. Calculate r(-5).
-9
Let x(k) = k**2 - 8*k + 19. Give x(5).
4
Let g(a) = a**3 - 5*a**2 - 23*a - 8. Give g(8).
0
Let s(a) = -3*a**2 - 2*a - 4. Determine s(3).
-37
Let z(n) = n**2 - 10*n - 9. What is z(10)?
-9
Let v(c) = -c**3 + 7*c**2 + 4*c - 51. What is v(6)?
9
Let j(z) = -z**2 + 3*z + 3. What is j(6)?
-15
Let d(r) = -3*r - 22. Give d(-4).
-10
Let i(z) = 7*z - 12. What is i(6)?
30
Let l(d) = -d**2 + 21*d + 33. Calculate l(22).
11
Let i(t) = t**2 + 2*t - 9. Calculate i(-6).
15
Let q(p)